{"id":10,"date":"2016-09-05T09:31:07","date_gmt":"2016-09-05T09:31:07","guid":{"rendered":"http:\/\/mediaproductiv.de\/?page_id=10"},"modified":"2025-03-21T10:26:11","modified_gmt":"2025-03-21T10:26:11","slug":"video-produktionen","status":"publish","type":"page","link":"https:\/\/mediaproductiv.de\/?page_id=10","title":{"rendered":"Video Produktionen"},"content":{"rendered":"<p>Vom Web-Video \u00fcber das Erkl\u00e4rvideo bis zur hochwertigen Firmenpr\u00e4sentation &#8211; das alles&nbsp; inkl. Konzept, Storyboard und Produktion. Video Produktionen werden immer wichtiger f\u00fcr die Firmenkommunikation, denn ein gutes Video sagt mehr als tausend Worte. Wir arbeiten mit Profis in den Bereichen Regie, Kamera und Schnitt&nbsp; und haben auch in Punkto Casting von Darstellern gute Kontakte in der gesamten Republik &#8211; das sollten Sie nutzen.<\/p>\n<p><img loading=\"lazy\" decoding=\"async\" class=\"alignnone  wp-image-1027\" src=\"http:\/\/mediaproductiv.de\/wp-content\/uploads\/2021\/12\/slider-mark-2-300x83.png\" alt=\"\" width=\"1243\" height=\"344\" srcset=\"https:\/\/mediaproductiv.de\/wp-content\/uploads\/2021\/12\/slider-mark-2-300x83.png 300w, https:\/\/mediaproductiv.de\/wp-content\/uploads\/2021\/12\/slider-mark-2-600x167.png 600w, https:\/\/mediaproductiv.de\/wp-content\/uploads\/2021\/12\/slider-mark-2-1024x284.png 1024w, https:\/\/mediaproductiv.de\/wp-content\/uploads\/2021\/12\/slider-mark-2-768x213.png 768w, https:\/\/mediaproductiv.de\/wp-content\/uploads\/2021\/12\/slider-mark-2.png 1027w\" sizes=\"auto, (max-width: 1243px) 100vw, 1243px\" \/><\/p>\n\n\n<figure class=\"wp-block-image size-large is-resized\"><img loading=\"lazy\" decoding=\"async\" width=\"1024\" height=\"680\" src=\"http:\/\/mediaproductiv.de\/wp-content\/uploads\/2016\/09\/DSCF1404-1024x680.jpg\" alt=\"\" class=\"wp-image-57\" style=\"width:1159px;height:770px\"\/><\/figure>\n\n\n\n<figure class=\"wp-block-image size-large is-resized\"><img loading=\"lazy\" decoding=\"async\" width=\"1024\" height=\"845\" src=\"http:\/\/mediaproductiv.de\/wp-content\/uploads\/2021\/12\/Mark-B-2-1024x845.jpg\" alt=\"\" class=\"wp-image-1138\" style=\"width:1153px;height:951px\" srcset=\"https:\/\/mediaproductiv.de\/wp-content\/uploads\/2021\/12\/Mark-B-2-1024x845.jpg 1024w, https:\/\/mediaproductiv.de\/wp-content\/uploads\/2021\/12\/Mark-B-2-scaled-600x495.jpg 600w, https:\/\/mediaproductiv.de\/wp-content\/uploads\/2021\/12\/Mark-B-2-300x248.jpg 300w, https:\/\/mediaproductiv.de\/wp-content\/uploads\/2021\/12\/Mark-B-2-768x634.jpg 768w, https:\/\/mediaproductiv.de\/wp-content\/uploads\/2021\/12\/Mark-B-2-1536x1268.jpg 1536w, https:\/\/mediaproductiv.de\/wp-content\/uploads\/2021\/12\/Mark-B-2-2048x1690.jpg 2048w\" sizes=\"auto, (max-width: 1024px) 100vw, 1024px\" \/><\/figure>\n\n\n\n<p><\/p>\n","protected":false},"excerpt":{"rendered":"<p>Vom Web-Video \u00fcber das Erkl\u00e4rvideo bis zur hochwertigen Firmenpr\u00e4sentation &#8211; das alles&nbsp; inkl. Konzept, Storyboard und Produktion. Video Produktionen werden immer wichtiger f\u00fcr die Firmenkommunikation, denn ein gutes Video sagt mehr als tausend Worte. Wir arbeiten mit Profis in den&hellip; <\/p>\n","protected":false},"author":1,"featured_media":1097,"parent":0,"menu_order":0,"comment_status":"closed","ping_status":"closed","template":"","meta":{"ngg_post_thumbnail":0,"jetpack_post_was_ever_published":false,"footnotes":""},"class_list":["post-10","page","type-page","status-publish","has-post-thumbnail","hentry"],"jetpack_sharing_enabled":true,"jetpack_shortlink":"https:\/\/wp.me\/P7o17P-a","_links":{"self":[{"href":"https:\/\/mediaproductiv.de\/index.php?rest_route=\/wp\/v2\/pages\/10","targetHints":{"allow":["GET"]}}],"collection":[{"href":"https:\/\/mediaproductiv.de\/index.php?rest_route=\/wp\/v2\/pages"}],"about":[{"href":"https:\/\/mediaproductiv.de\/index.php?rest_route=\/wp\/v2\/types\/page"}],"author":[{"embeddable":true,"href":"https:\/\/mediaproductiv.de\/index.php?rest_route=\/wp\/v2\/users\/1"}],"replies":[{"embeddable":true,"href":"https:\/\/mediaproductiv.de\/index.php?rest_route=%2Fwp%2Fv2%2Fcomments&post=10"}],"version-history":[{"count":12,"href":"https:\/\/mediaproductiv.de\/index.php?rest_route=\/wp\/v2\/pages\/10\/revisions"}],"predecessor-version":[{"id":2464,"href":"https:\/\/mediaproductiv.de\/index.php?rest_route=\/wp\/v2\/pages\/10\/revisions\/2464"}],"wp:featuredmedia":[{"embeddable":true,"href":"https:\/\/mediaproductiv.de\/index.php?rest_route=\/wp\/v2\/media\/1097"}],"wp:attachment":[{"href":"https:\/\/mediaproductiv.de\/index.php?rest_route=%2Fwp%2Fv2%2Fmedia&parent=10"}],"curies":[{"name":"wp","href":"https:\/\/api.w.org\/{rel}","templated":true}]}}