{"id":1445,"date":"2023-02-02T11:20:31","date_gmt":"2023-02-02T11:20:31","guid":{"rendered":"https:\/\/mediaproductiv.de\/?page_id=1445"},"modified":"2025-03-11T14:04:31","modified_gmt":"2025-03-11T14:04:31","slug":"recruiting","status":"publish","type":"page","link":"https:\/\/mediaproductiv.de\/?page_id=1445","title":{"rendered":"Recruiting"},"content":{"rendered":"\n<p>Video-Spots eignen sich hervorragend f\u00fcr das Recruiting im Bereich Pflege, da sie ein authentisches und visuelles Bild Ihres Unternehmens und Arbeitsumfelds vermitteln. Durch die Verwendung von Bild und Ton k\u00f6nnen Sie potenzielle Bewerber direkt ansprechen und ihnen einen Einblick in die Kultur und Werte Ihres Unternehmens geben. Dar\u00fcber hinaus erm\u00f6glichen Video-Spots eine personalisierte Kommunikation mit potenziellen Bewerbern und st\u00e4rken so den Beziehungsaufbau. Nutzen Sie die Kraft von Video-Spots f\u00fcr Ihr Recruiting und \u00fcberzeugen Sie Top-Talente, Teil Ihres Teams zu werden.<\/p>\n\n\n\n<div align=\"center\"><iframe loading=\"lazy\" src=\"https:\/\/www.facebook.com\/plugins\/video.php?height=314&#038;href=https%3A%2F%2Fwww.facebook.com%2F100075980782283%2Fvideos%2F5234990496513922%2F&#038;show_text=false&#038;width=560&#038;t=0\"   style=\"border:none;overflow:hidden;\" width=\"560\" height=\"314\" scrolling=\"no\" frameborder=\"0\" allowfullscreen=\"true\" allow=\"autoplay; clipboard-write; encrypted-media; picture-in-picture; web-share\" allowFullScreen=\"true\"><\/iframe><\/div>\n\n\n\n<p><\/p>\n\n\n\n<p><\/p>\n\n\n\n<p><strong>Durch intelligenten Einsatz dieses Spots in Kombination mit anderen Ma\u00dfnahmen hatte unser Kunde bereits nach 2 Wochen alle Stellen besetzt und wir mussten die Kampagne etwas runterfahren.<\/strong><\/p>\n","protected":false},"excerpt":{"rendered":"<p>Video-Spots eignen sich hervorragend f\u00fcr das Recruiting im Bereich Pflege, da sie ein authentisches und visuelles Bild Ihres Unternehmens und Arbeitsumfelds vermitteln. Durch die Verwendung von Bild und Ton k\u00f6nnen Sie potenzielle Bewerber direkt ansprechen und ihnen einen Einblick in&hellip; <\/p>\n","protected":false},"author":1,"featured_media":0,"parent":0,"menu_order":0,"comment_status":"closed","ping_status":"closed","template":"","meta":{"ngg_post_thumbnail":0,"jetpack_post_was_ever_published":false,"footnotes":""},"class_list":["post-1445","page","type-page","status-publish","hentry"],"jetpack_sharing_enabled":true,"jetpack_shortlink":"https:\/\/wp.me\/P7o17P-nj","_links":{"self":[{"href":"https:\/\/mediaproductiv.de\/index.php?rest_route=\/wp\/v2\/pages\/1445","targetHints":{"allow":["GET"]}}],"collection":[{"href":"https:\/\/mediaproductiv.de\/index.php?rest_route=\/wp\/v2\/pages"}],"about":[{"href":"https:\/\/mediaproductiv.de\/index.php?rest_route=\/wp\/v2\/types\/page"}],"author":[{"embeddable":true,"href":"https:\/\/mediaproductiv.de\/index.php?rest_route=\/wp\/v2\/users\/1"}],"replies":[{"embeddable":true,"href":"https:\/\/mediaproductiv.de\/index.php?rest_route=%2Fwp%2Fv2%2Fcomments&post=1445"}],"version-history":[{"count":10,"href":"https:\/\/mediaproductiv.de\/index.php?rest_route=\/wp\/v2\/pages\/1445\/revisions"}],"predecessor-version":[{"id":2419,"href":"https:\/\/mediaproductiv.de\/index.php?rest_route=\/wp\/v2\/pages\/1445\/revisions\/2419"}],"wp:attachment":[{"href":"https:\/\/mediaproductiv.de\/index.php?rest_route=%2Fwp%2Fv2%2Fmedia&parent=1445"}],"curies":[{"name":"wp","href":"https:\/\/api.w.org\/{rel}","templated":true}]}}