{"id":1477,"date":"2023-02-09T12:14:53","date_gmt":"2023-02-09T12:14:53","guid":{"rendered":"https:\/\/mediaproductiv.de\/?page_id=1477"},"modified":"2023-03-07T12:33:13","modified_gmt":"2023-03-07T12:33:13","slug":"showreels","status":"publish","type":"page","link":"https:\/\/mediaproductiv.de\/?page_id=1477","title":{"rendered":"Showreels"},"content":{"rendered":"\n<p>Die Show beginnt mit Billy Crize und sie beeindruckt das Publikum mit ihrer dunklen, eindringlichen Stimme. Symphatisch und authentisch kommt sie r\u00fcber, begleitet von der Wolfgang Scheele Band die dann etwa nach 35 Minuten &#8222;\u00fcbernimmt&#8220;  und ab sofort gibt es Bluesrock vom Feinsten. Dynamisch pr\u00e4sentiert , ein geiler Gitarren Lick jagt den n\u00e4chsten, von Hendrix bis Muddy Waters, das alles sehr souver\u00e4n gebracht &#8211; es macht einfach nur Spass. Und der Spass steigert sich nochmal, wenn Billy wieder in der Show ist. Alles in allem ist es ein grosses Vergn\u00fcgen die beiden Protagonisten in einer Show zu erleben,  begleitet von tollen Musikern wie an den Drums Robert Baumann und  Stefan H\u00fcwe am Bass. Einzeln sind Wolfgang Scheele und Billy Crize ein Erlebnis, aber in der DUO Show setzen sie nochmal einen drauf &#8211; absolut empfehlenswert !<\/p>\n\n\n\n<p><\/p>\n\n\n\n<p>Mehr Infos hier  <a href=\"https:\/\/www.sigamusic.de\/\">https:\/\/www.sigamusic.de\/<\/a><\/p>\n\n\n\n<figure class=\"wp-block-embed aligncenter is-type-video is-provider-youtube wp-block-embed-youtube wp-embed-aspect-16-9 wp-has-aspect-ratio\"><div class=\"wp-block-embed__wrapper\">\n<span class=\"embed-youtube\" style=\"text-align:center; display: block;\"><iframe loading=\"lazy\" class=\"youtube-player\" width=\"642\" height=\"362\" src=\"https:\/\/www.youtube.com\/embed\/U0JEn5miams?version=3&#038;rel=1&#038;showsearch=0&#038;showinfo=1&#038;iv_load_policy=1&#038;fs=1&#038;hl=de-DE&#038;autohide=2&#038;wmode=transparent\" allowfullscreen=\"true\" style=\"border:0;\" sandbox=\"allow-scripts allow-same-origin allow-popups allow-presentation allow-popups-to-escape-sandbox\"><\/iframe><\/span>\n<\/div><\/figure>\n\n\n\n<p>Freie Termine Wolfgang Scheele und Billy Crize : 28.04. &#8211; 30.04.2023 sowie 17.05.2023.<\/p>\n\n\n\n<p>Wolfgang Scheele Band Solo 5.5. &#8211; 7.05.2023<\/p>\n","protected":false},"excerpt":{"rendered":"<p>Die Show beginnt mit Billy Crize und sie beeindruckt das Publikum mit ihrer dunklen, eindringlichen Stimme. Symphatisch und authentisch kommt sie r\u00fcber, begleitet von der Wolfgang Scheele Band die dann etwa nach 35 Minuten &#8222;\u00fcbernimmt&#8220; und ab sofort gibt es&hellip; <\/p>\n","protected":false},"author":1,"featured_media":0,"parent":0,"menu_order":0,"comment_status":"closed","ping_status":"closed","template":"","meta":{"ngg_post_thumbnail":0,"jetpack_post_was_ever_published":false,"footnotes":""},"class_list":["post-1477","page","type-page","status-publish","hentry"],"jetpack_sharing_enabled":true,"jetpack_shortlink":"https:\/\/wp.me\/P7o17P-nP","_links":{"self":[{"href":"https:\/\/mediaproductiv.de\/index.php?rest_route=\/wp\/v2\/pages\/1477","targetHints":{"allow":["GET"]}}],"collection":[{"href":"https:\/\/mediaproductiv.de\/index.php?rest_route=\/wp\/v2\/pages"}],"about":[{"href":"https:\/\/mediaproductiv.de\/index.php?rest_route=\/wp\/v2\/types\/page"}],"author":[{"embeddable":true,"href":"https:\/\/mediaproductiv.de\/index.php?rest_route=\/wp\/v2\/users\/1"}],"replies":[{"embeddable":true,"href":"https:\/\/mediaproductiv.de\/index.php?rest_route=%2Fwp%2Fv2%2Fcomments&post=1477"}],"version-history":[{"count":12,"href":"https:\/\/mediaproductiv.de\/index.php?rest_route=\/wp\/v2\/pages\/1477\/revisions"}],"predecessor-version":[{"id":1535,"href":"https:\/\/mediaproductiv.de\/index.php?rest_route=\/wp\/v2\/pages\/1477\/revisions\/1535"}],"wp:attachment":[{"href":"https:\/\/mediaproductiv.de\/index.php?rest_route=%2Fwp%2Fv2%2Fmedia&parent=1477"}],"curies":[{"name":"wp","href":"https:\/\/api.w.org\/{rel}","templated":true}]}}