{"id":1665,"date":"2023-06-27T13:47:54","date_gmt":"2023-06-27T13:47:54","guid":{"rendered":"https:\/\/mediaproductiv.de\/?page_id=1665"},"modified":"2025-03-25T16:14:39","modified_gmt":"2025-03-25T16:14:39","slug":"der-video-podcast-fuer-die-stadt","status":"publish","type":"page","link":"https:\/\/mediaproductiv.de\/?page_id=1665","title":{"rendered":""},"content":{"rendered":"\n<p>I<\/p>\n\n\n\n<p><\/p>\n\n\n\n<h2 class=\"wp-block-heading\"><\/h2>\n\n\n\n<h1 class=\"wp-block-heading\"><br>Der Video Podcast f\u00fcr die Stadt &#8211; &#8222;Lot os k\u00fcren&#8220; startet erst im Sommer 2025  .<\/h1>\n\n\n\n<p id=\"block-33d4ef40-04dc-4db3-8f8d-1348f50fd662\">Ab dem Fr\u00fchjahr 2025 planen wir im <a href=\"https:\/\/www.savci-events.de\/locations\/\">Domhof in Rheda-Wiedenbr\u00fcck<\/a> ,die Premiere eines Video Podcasts f\u00fcr unsere Stadt. In diesem Rahmen wird die erste 4 teilige Staffel in  2025,monatlich produziert werden. Ein Moderator wird dann vor Live Publikum Experten und Fachleute empfangen, die zu einem Thema diskutieren werden, welches Bezug zu Rheda-Wiedenbr\u00fcck hat. Die Themen kommen aus den Bereichen Kultur, Kommunalpolitik, Sport, Historisches oder Wirtschaft. Als Moderator haben wir den bekannten Bielefelder Moderator <a href=\"https:\/\/www.sassenroth.de\/\">Bj\u00f6rn Sassenroth<\/a> verpflichtet. Der Arbeitstitel dieses regelm\u00e4\u00dfigen Events lautet : &#8222;Lot os k\u00fcren&#8220; &#8211; auf hochdeutsch &#8222;Lass uns sprechen.&#8220;<\/p>\n\n\n\n<figure class=\"wp-block-image size-large\" id=\"block-59219544-e1ae-49f1-8d1c-d134cb720215\"><img loading=\"lazy\" decoding=\"async\" width=\"1024\" height=\"665\" src=\"https:\/\/mediaproductiv.de\/wp-content\/uploads\/2024\/05\/Oktober-1024x665.jpg\" alt=\"\" class=\"wp-image-2198\" srcset=\"https:\/\/mediaproductiv.de\/wp-content\/uploads\/2024\/05\/Oktober-1024x665.jpg 1024w, https:\/\/mediaproductiv.de\/wp-content\/uploads\/2024\/05\/Oktober-300x195.jpg 300w, https:\/\/mediaproductiv.de\/wp-content\/uploads\/2024\/05\/Oktober-768x499.jpg 768w, https:\/\/mediaproductiv.de\/wp-content\/uploads\/2024\/05\/Oktober-1536x998.jpg 1536w, https:\/\/mediaproductiv.de\/wp-content\/uploads\/2024\/05\/Oktober-2048x1330.jpg 2048w\" sizes=\"auto, (max-width: 1024px) 100vw, 1024px\" \/><\/figure>\n\n\n\n<h3 class=\"wp-block-heading\" id=\"block-45d16d78-bbf0-4d50-b495-d3683fa9556f\">Die Machart, die Philosophie<\/h3>\n\n\n\n<p id=\"block-908c763a-c933-4c44-8284-edadc93e6486\">Der Video Podcast wird aufgezeichnet und sp\u00e4ter \u00fcber diverse digitale Kan\u00e4le versendet. Wir sind uns sicher, dass diesem Video Podcast eine hohe Aufmerksamkeit in der Stadt und der n\u00e4heren Umgebung entgegen gebracht wird.<\/p>\n\n\n\n<p id=\"block-7f07eefd-052a-4d65-ba6e-12422433eb22\">Das \u00fcbergeordnete Ziel ist es, zu zeigen, wie Menschen wieder direkt miteinander reden, v\u00f6llig analog um im Gespr\u00e4ch konstruktiv nach L\u00f6sungen zu suchen, ohne das die Gespr\u00e4chspartner in irgendeiner Form diffamiert werden. Hierf\u00fcr werden Gepr\u00e4chsregeln wie z.B. bei Sport 1 rund um das &#8222;Phrasenschwein&#8220; entwickelt und im Gespr\u00e4ch auch durchgesetzt.<\/p>\n\n\n\n<h3 class=\"wp-block-heading\" id=\"block-21e35406-0c8d-4023-be11-8a1b6af3895d\">Ablauf<\/h3>\n\n\n\n<p id=\"block-41d05a67-46fd-4acb-ab5f-5a244f19f3a2\">Einlass beginnt um 19:00. Die interessierten Live Zuschauer haben zuvor im Netz eine Eintrittskarte gebucht .<\/p>\n\n\n\n<p id=\"block-64e1368c-fa9f-4e1e-91d3-807281ff3abb\">Die Veranstaltung startet um 19:30. Nach etwa 35 Minuten wird es jeweils eine Pause geben in der sich ggf. K\u00fcnstler aus der Region pr\u00e4sentieren werden. Nach einer weiteren guten halben Stunde Gespr\u00e4ch ist die Veranstaltung dann mit Ausklang gegen 22:00 beendet.<\/p>\n\n\n\n<h2 class=\"wp-block-heading\" id=\"block-42f00e11-b6e0-449c-a074-63f702d79abe\">Unterst\u00fctzung<\/h2>\n\n\n\n<p><\/p>\n\n\n\n<p>Da eine solche Produktion nicht unbedeutende finanzielle Mittel ben\u00f6tigt, kommen wir ohne Partner z.B. aus der Wirtschaft oder Politik nicht aus daher suchen wir Firmen oder Personen, die als Spender oder Sponsoren agieren. Sollten Sie also an einem Sponsoring oder Spendengebung interessiert sein, dann nehmen Sie Kontakt mit uns auf, damit wir alles besprechen k\u00f6nnen. Als Sponsor werden Sie garantiert an geeigneter Stelle pr\u00e4sent sein und so von diesem Engagement profitieren.<\/p>\n\n\n\n<p>Wie und zu welchen Bedingungen Sie Sponsor werden k\u00f6nnen erfahren sie , wenn Sie den Button &#8222;Jetzt online Sponsor werden&#8220; dr\u00fccken<\/p>\n\n\n\n<p>&nbsp;<\/p>\n\n\n\n<a href=\"\/?page_id=2011\" style=\"text-align:center;\"><button style=\"text-align:center;font-size:1.5rem;padding:1em 1em;color:white;background-color:#21509f;\">Jetzt online Sponsor Werden<\/button><\/a><br><br>\n\n\n<div class=\"wp-block-image\">\n<figure class=\"aligncenter size-large is-resized\"><img loading=\"lazy\" decoding=\"async\" width=\"1024\" height=\"684\" src=\"https:\/\/mediaproductiv.de\/wp-content\/uploads\/2024\/02\/DHof-Aussen-1-1024x684.jpg\" alt=\"\" class=\"wp-image-2056\" style=\"width:508px;height:auto\" srcset=\"https:\/\/mediaproductiv.de\/wp-content\/uploads\/2024\/02\/DHof-Aussen-1-1024x684.jpg 1024w, https:\/\/mediaproductiv.de\/wp-content\/uploads\/2024\/02\/DHof-Aussen-1-300x200.jpg 300w, https:\/\/mediaproductiv.de\/wp-content\/uploads\/2024\/02\/DHof-Aussen-1-768x513.jpg 768w, https:\/\/mediaproductiv.de\/wp-content\/uploads\/2024\/02\/DHof-Aussen-1-1536x1026.jpg 1536w, https:\/\/mediaproductiv.de\/wp-content\/uploads\/2024\/02\/DHof-Aussen-1-2048x1367.jpg 2048w, https:\/\/mediaproductiv.de\/wp-content\/uploads\/2024\/02\/DHof-Aussen-1-306x205.jpg 306w, https:\/\/mediaproductiv.de\/wp-content\/uploads\/2024\/02\/DHof-Aussen-1-600x401.jpg 600w\" sizes=\"auto, (max-width: 1024px) 100vw, 1024px\" \/><\/figure><\/div>\n\n\n<h2 class=\"wp-block-heading has-text-align-left\"><\/h2>\n\n\n\n<p class=\"has-text-align-center\">Der Domhof<\/p>\n","protected":false},"excerpt":{"rendered":"<p>I Der Video Podcast f\u00fcr die Stadt &#8211; &#8222;Lot os k\u00fcren&#8220; startet erst im Sommer 2025 . Ab dem Fr\u00fchjahr 2025 planen wir im Domhof in Rheda-Wiedenbr\u00fcck ,die Premiere eines Video Podcasts f\u00fcr unsere Stadt. In diesem Rahmen wird die&hellip; <\/p>\n","protected":false},"author":1,"featured_media":0,"parent":0,"menu_order":0,"comment_status":"closed","ping_status":"closed","template":"","meta":{"ngg_post_thumbnail":0,"jetpack_post_was_ever_published":false,"footnotes":""},"class_list":["post-1665","page","type-page","status-publish","hentry"],"jetpack_sharing_enabled":true,"jetpack_shortlink":"https:\/\/wp.me\/P7o17P-qR","_links":{"self":[{"href":"https:\/\/mediaproductiv.de\/index.php?rest_route=\/wp\/v2\/pages\/1665","targetHints":{"allow":["GET"]}}],"collection":[{"href":"https:\/\/mediaproductiv.de\/index.php?rest_route=\/wp\/v2\/pages"}],"about":[{"href":"https:\/\/mediaproductiv.de\/index.php?rest_route=\/wp\/v2\/types\/page"}],"author":[{"embeddable":true,"href":"https:\/\/mediaproductiv.de\/index.php?rest_route=\/wp\/v2\/users\/1"}],"replies":[{"embeddable":true,"href":"https:\/\/mediaproductiv.de\/index.php?rest_route=%2Fwp%2Fv2%2Fcomments&post=1665"}],"version-history":[{"count":82,"href":"https:\/\/mediaproductiv.de\/index.php?rest_route=\/wp\/v2\/pages\/1665\/revisions"}],"predecessor-version":[{"id":2477,"href":"https:\/\/mediaproductiv.de\/index.php?rest_route=\/wp\/v2\/pages\/1665\/revisions\/2477"}],"wp:attachment":[{"href":"https:\/\/mediaproductiv.de\/index.php?rest_route=%2Fwp%2Fv2%2Fmedia&parent=1665"}],"curies":[{"name":"wp","href":"https:\/\/api.w.org\/{rel}","templated":true}]}}

<p>I</p>



<p></p>



<h2 class="wp-block-heading"></h2>



<h1 class="wp-block-heading"><br>Der Video Podcast für die Stadt &#8211; &#8222;Lot os küren&#8220; startet erst im Sommer 2025  .</h1>



<p id="block-33d4ef40-04dc-4db3-8f8d-1348f50fd662">Ab dem Frühjahr 2025 planen wir im <a href="https://www.savci-events.de/locations/">Domhof in Rheda-Wiedenbrück</a> ,die Premiere eines Video Podcasts für unsere Stadt. In diesem Rahmen wird die erste 4 teilige Staffel in  2025,monatlich produziert werden. Ein Moderator wird dann vor Live Publikum Experten und Fachleute empfangen, die zu einem Thema diskutieren werden, welches Bezug zu Rheda-Wiedenbrück hat. Die Themen kommen aus den Bereichen Kultur, Kommunalpolitik, Sport, Historisches oder Wirtschaft. Als Moderator haben wir den bekannten Bielefelder Moderator <a href="https://www.sassenroth.de/">Björn Sassenroth</a> verpflichtet. Der Arbeitstitel dieses regelmäßigen Events lautet : &#8222;Lot os küren&#8220; &#8211; auf hochdeutsch &#8222;Lass uns sprechen.&#8220;</p>



<figure class="wp-block-image size-large" id="block-59219544-e1ae-49f1-8d1c-d134cb720215"><img loading="lazy" decoding="async" width="1024" height="665" src="https://mediaproductiv.de/wp-content/uploads/2024/05/Oktober-1024x665.jpg" alt="" class="wp-image-2198" srcset="https://mediaproductiv.de/wp-content/uploads/2024/05/Oktober-1024x665.jpg 1024w, https://mediaproductiv.de/wp-content/uploads/2024/05/Oktober-300x195.jpg 300w, https://mediaproductiv.de/wp-content/uploads/2024/05/Oktober-768x499.jpg 768w, https://mediaproductiv.de/wp-content/uploads/2024/05/Oktober-1536x998.jpg 1536w, https://mediaproductiv.de/wp-content/uploads/2024/05/Oktober-2048x1330.jpg 2048w" sizes="auto, (max-width: 1024px) 100vw, 1024px" /></figure>



<h3 class="wp-block-heading" id="block-45d16d78-bbf0-4d50-b495-d3683fa9556f">Die Machart, die Philosophie</h3>



<p id="block-908c763a-c933-4c44-8284-edadc93e6486">Der Video Podcast wird aufgezeichnet und später über diverse digitale Kanäle versendet. Wir sind uns sicher, dass diesem Video Podcast eine hohe Aufmerksamkeit in der Stadt und der näheren Umgebung entgegen gebracht wird.</p>



<p id="block-7f07eefd-052a-4d65-ba6e-12422433eb22">Das übergeordnete Ziel ist es, zu zeigen, wie Menschen wieder direkt miteinander reden, völlig analog um im Gespräch konstruktiv nach Lösungen zu suchen, ohne das die Gesprächspartner in irgendeiner Form diffamiert werden. Hierfür werden Geprächsregeln wie z.B. bei Sport 1 rund um das &#8222;Phrasenschwein&#8220; entwickelt und im Gespräch auch durchgesetzt.</p>



<h3 class="wp-block-heading" id="block-21e35406-0c8d-4023-be11-8a1b6af3895d">Ablauf</h3>



<p id="block-41d05a67-46fd-4acb-ab5f-5a244f19f3a2">Einlass beginnt um 19:00. Die interessierten Live Zuschauer haben zuvor im Netz eine Eintrittskarte gebucht .</p>



<p id="block-64e1368c-fa9f-4e1e-91d3-807281ff3abb">Die Veranstaltung startet um 19:30. Nach etwa 35 Minuten wird es jeweils eine Pause geben in der sich ggf. Künstler aus der Region präsentieren werden. Nach einer weiteren guten halben Stunde Gespräch ist die Veranstaltung dann mit Ausklang gegen 22:00 beendet.</p>



<h2 class="wp-block-heading" id="block-42f00e11-b6e0-449c-a074-63f702d79abe">Unterstützung</h2>



<p></p>



<p>Da eine solche Produktion nicht unbedeutende finanzielle Mittel benötigt, kommen wir ohne Partner z.B. aus der Wirtschaft oder Politik nicht aus daher suchen wir Firmen oder Personen, die als Spender oder Sponsoren agieren. Sollten Sie also an einem Sponsoring oder Spendengebung interessiert sein, dann nehmen Sie Kontakt mit uns auf, damit wir alles besprechen können. Als Sponsor werden Sie garantiert an geeigneter Stelle präsent sein und so von diesem Engagement profitieren.</p>



<p>Wie und zu welchen Bedingungen Sie Sponsor werden können erfahren sie , wenn Sie den Button &#8222;Jetzt online Sponsor werden&#8220; drücken</p>



<p>&nbsp;</p>



<a href="/?page_id=2011" style="text-align:center;"><button style="text-align:center;font-size:1.5rem;padding:1em 1em;color:white;background-color:#21509f;">Jetzt online Sponsor Werden</button></a><br><br>


<div class="wp-block-image">
<figure class="aligncenter size-large is-resized"><img loading="lazy" decoding="async" width="1024" height="684" src="https://mediaproductiv.de/wp-content/uploads/2024/02/DHof-Aussen-1-1024x684.jpg" alt="" class="wp-image-2056" style="width:508px;height:auto" srcset="https://mediaproductiv.de/wp-content/uploads/2024/02/DHof-Aussen-1-1024x684.jpg 1024w, https://mediaproductiv.de/wp-content/uploads/2024/02/DHof-Aussen-1-300x200.jpg 300w, https://mediaproductiv.de/wp-content/uploads/2024/02/DHof-Aussen-1-768x513.jpg 768w, https://mediaproductiv.de/wp-content/uploads/2024/02/DHof-Aussen-1-1536x1026.jpg 1536w, https://mediaproductiv.de/wp-content/uploads/2024/02/DHof-Aussen-1-2048x1367.jpg 2048w, https://mediaproductiv.de/wp-content/uploads/2024/02/DHof-Aussen-1-306x205.jpg 306w, https://mediaproductiv.de/wp-content/uploads/2024/02/DHof-Aussen-1-600x401.jpg 600w" sizes="auto, (max-width: 1024px) 100vw, 1024px" /></figure></div>


<h2 class="wp-block-heading has-text-align-left"></h2>



<p class="has-text-align-center">Der Domhof</p>

<p>I Der Video Podcast für die Stadt &#8211; &#8222;Lot os küren&#8220; startet erst im Sommer 2025 . Ab dem Frühjahr 2025 planen wir im Domhof in Rheda-Wiedenbrück ,die Premiere eines Video Podcasts für unsere Stadt. In diesem Rahmen wird die&hellip; </p>
