{"id":2372,"date":"2024-11-18T20:55:27","date_gmt":"2024-11-18T20:55:27","guid":{"rendered":"https:\/\/mediaproductiv.de\/?page_id=2372"},"modified":"2025-03-02T13:36:22","modified_gmt":"2025-03-02T13:36:22","slug":"kleiner-geschenktipp","status":"publish","type":"page","link":"https:\/\/mediaproductiv.de\/?page_id=2372","title":{"rendered":"Kleiner Geschenktipp"},"content":{"rendered":"\n<p>Verschenken Sie mal etwas Besonderes. Sie bekommen unser media productiv T &#8211; Shirt in den Herren Gr\u00f6\u00dfen S &#8211; M &#8211; l &#8211; Xl zum Preis von 21,30 Euro zzgl. Versand .F\u00fcllen Sie die Bestellung aus und nach erfolgter Zahlung per Pay Pal  senden wir Ihnen das Shirt zu.<\/p>\n\n\n\n<div class=\"wp-block-columns is-layout-flex wp-container-core-columns-is-layout-1 wp-block-columns-is-layout-flex\">\n<div class=\"wp-block-column is-layout-flow wp-block-column-is-layout-flow\">\n<figure class=\"wp-block-image size-large\"><img loading=\"lazy\" decoding=\"async\" width=\"1024\" height=\"1013\" src=\"https:\/\/mediaproductiv.de\/wp-content\/uploads\/2020\/06\/Vorne-1024x1013.jpg\" alt=\"\" class=\"wp-image-2382\" srcset=\"https:\/\/mediaproductiv.de\/wp-content\/uploads\/2020\/06\/Vorne-1024x1013.jpg 1024w, https:\/\/mediaproductiv.de\/wp-content\/uploads\/2020\/06\/Vorne-300x297.jpg 300w, https:\/\/mediaproductiv.de\/wp-content\/uploads\/2020\/06\/Vorne-768x760.jpg 768w, https:\/\/mediaproductiv.de\/wp-content\/uploads\/2020\/06\/Vorne-1536x1519.jpg 1536w, https:\/\/mediaproductiv.de\/wp-content\/uploads\/2020\/06\/Vorne-2048x2026.jpg 2048w\" sizes=\"auto, (max-width: 1024px) 100vw, 1024px\" \/><\/figure>\n<\/div>\n\n\n\n<div class=\"wp-block-column is-layout-flow wp-block-column-is-layout-flow\">\n<figure class=\"wp-block-image size-large is-resized\"><img loading=\"lazy\" decoding=\"async\" width=\"1024\" height=\"1013\" src=\"https:\/\/mediaproductiv.de\/wp-content\/uploads\/2020\/06\/Hinten-1024x1013.jpg\" alt=\"\" class=\"wp-image-2381\" style=\"width:548px;height:auto\" srcset=\"https:\/\/mediaproductiv.de\/wp-content\/uploads\/2020\/06\/Hinten-1024x1013.jpg 1024w, https:\/\/mediaproductiv.de\/wp-content\/uploads\/2020\/06\/Hinten-300x297.jpg 300w, https:\/\/mediaproductiv.de\/wp-content\/uploads\/2020\/06\/Hinten-768x760.jpg 768w, https:\/\/mediaproductiv.de\/wp-content\/uploads\/2020\/06\/Hinten-1536x1519.jpg 1536w, https:\/\/mediaproductiv.de\/wp-content\/uploads\/2020\/06\/Hinten-2048x2026.jpg 2048w\" sizes=\"auto, (max-width: 1024px) 100vw, 1024px\" \/><\/figure>\n<\/div>\n<\/div>\n\n\n\n<p><\/p>\n\n\n\n<div class=\"wpcf7 no-js\" id=\"wpcf7-f2384-o1\" lang=\"de-DE\" dir=\"ltr\" data-wpcf7-id=\"2384\">\n<div class=\"screen-reader-response\"><p role=\"status\" aria-live=\"polite\" aria-atomic=\"true\"><\/p> <ul><\/ul><\/div>\n<form action=\"\/index.php?rest_route=%2Fwp%2Fv2%2Fpages%2F2372#wpcf7-f2384-o1\" method=\"post\" class=\"wpcf7-form init\" aria-label=\"Kontaktformular\" novalidate=\"novalidate\" data-status=\"init\">\n<div style=\"display: none;\">\n<input type=\"hidden\" name=\"_wpcf7\" value=\"2384\" \/>\n<input type=\"hidden\" name=\"_wpcf7_version\" value=\"6.0.5\" \/>\n<input type=\"hidden\" name=\"_wpcf7_locale\" value=\"de_DE\" \/>\n<input type=\"hidden\" name=\"_wpcf7_unit_tag\" value=\"wpcf7-f2384-o1\" \/>\n<input type=\"hidden\" name=\"_wpcf7_container_post\" value=\"0\" \/>\n<input type=\"hidden\" name=\"_wpcf7_posted_data_hash\" value=\"\" \/>\n<\/div>\n<p><label> Nachname*<br \/>\n<span class=\"wpcf7-form-control-wrap\" data-name=\"nachname\"><input size=\"40\" maxlength=\"400\" class=\"wpcf7-form-control wpcf7-text wpcf7-validates-as-required\" autocomplete=\"name\" aria-required=\"true\" aria-invalid=\"false\" value=\"\" type=\"text\" name=\"nachname\" \/><\/span> <\/label><br \/>\n<label> Vorname*<br \/>\n<span class=\"wpcf7-form-control-wrap\" data-name=\"vorname\"><input size=\"40\" maxlength=\"400\" class=\"wpcf7-form-control wpcf7-text wpcf7-validates-as-required\" autocomplete=\"name\" aria-required=\"true\" aria-invalid=\"false\" value=\"\" type=\"text\" name=\"vorname\" \/><\/span> <\/label><br \/>\n<label> E-Mail*<br \/>\n<span class=\"wpcf7-form-control-wrap\" data-name=\"email\"><input size=\"40\" maxlength=\"400\" class=\"wpcf7-form-control wpcf7-email wpcf7-validates-as-required wpcf7-text wpcf7-validates-as-email\" autocomplete=\"email\" aria-required=\"true\" aria-invalid=\"false\" value=\"\" type=\"email\" name=\"email\" \/><\/span> <\/label><br \/>\n<label> Stra\u00dfe und Hausnummer*<br \/>\n<span class=\"wpcf7-form-control-wrap\" data-name=\"adresse\"><input size=\"40\" maxlength=\"400\" class=\"wpcf7-form-control wpcf7-text wpcf7-validates-as-required\" aria-required=\"true\" aria-invalid=\"false\" value=\"\" type=\"text\" name=\"adresse\" \/><\/span> <\/label><br \/>\n<label> Ort*<br \/>\n<span class=\"wpcf7-form-control-wrap\" data-name=\"ort\"><input size=\"40\" maxlength=\"400\" class=\"wpcf7-form-control wpcf7-text wpcf7-validates-as-required\" aria-required=\"true\" aria-invalid=\"false\" value=\"\" type=\"text\" name=\"ort\" \/><\/span> <\/label><br \/>\n<label> Postleitzahl*<br \/>\n<span class=\"wpcf7-form-control-wrap\" data-name=\"plz\"><input size=\"40\" maxlength=\"400\" class=\"wpcf7-form-control wpcf7-text wpcf7-validates-as-required\" aria-required=\"true\" aria-invalid=\"false\" value=\"\" type=\"text\" name=\"plz\" \/><\/span> <\/label><br \/>\n<label>Gr\u00f6\u00dfe*<br \/>\n<span class=\"wpcf7-form-control-wrap\" data-name=\"groesse\"><select class=\"wpcf7-form-control wpcf7-select wpcf7-validates-as-required\" aria-required=\"true\" aria-invalid=\"false\" name=\"groesse\"><option value=\"S\">S<\/option><option value=\"M\">M<\/option><option value=\"L\">L<\/option><option value=\"XL\">XL<\/option><\/select><\/span><\/label><br \/>\n<span class=\"wpcf7-form-control-wrap\" data-name=\"agb\"><span class=\"wpcf7-form-control wpcf7-acceptance\"><span class=\"wpcf7-list-item\"><label><input type=\"checkbox\" name=\"agb\" value=\"1\" aria-invalid=\"false\" \/><span class=\"wpcf7-list-item-label\">Ich habe die AGB\/Datenschutzerk\u00e4rung gelesen und bin damit einverstanden*<\/span><\/label><\/span><\/span><\/span><br \/>\n<input class=\"wpcf7-form-control wpcf7-submit has-spinner\" type=\"submit\" value=\"Senden\" \/>\n<\/p><div class=\"wpcf7-response-output\" aria-hidden=\"true\"><\/div>\n<\/form>\n<\/div>\n\n","protected":false},"excerpt":{"rendered":"<p>Verschenken Sie mal etwas Besonderes. Sie bekommen unser media productiv T &#8211; Shirt in den Herren Gr\u00f6\u00dfen S &#8211; M &#8211; l &#8211; Xl zum Preis von 21,30 Euro zzgl. Versand .F\u00fcllen Sie die Bestellung aus und nach erfolgter Zahlung&hellip; <\/p>\n","protected":false},"author":1,"featured_media":0,"parent":0,"menu_order":0,"comment_status":"closed","ping_status":"closed","template":"","meta":{"ngg_post_thumbnail":0,"jetpack_post_was_ever_published":false,"footnotes":""},"class_list":["post-2372","page","type-page","status-publish","hentry"],"jetpack_sharing_enabled":true,"jetpack_shortlink":"https:\/\/wp.me\/P7o17P-Cg","_links":{"self":[{"href":"https:\/\/mediaproductiv.de\/index.php?rest_route=\/wp\/v2\/pages\/2372","targetHints":{"allow":["GET"]}}],"collection":[{"href":"https:\/\/mediaproductiv.de\/index.php?rest_route=\/wp\/v2\/pages"}],"about":[{"href":"https:\/\/mediaproductiv.de\/index.php?rest_route=\/wp\/v2\/types\/page"}],"author":[{"embeddable":true,"href":"https:\/\/mediaproductiv.de\/index.php?rest_route=\/wp\/v2\/users\/1"}],"replies":[{"embeddable":true,"href":"https:\/\/mediaproductiv.de\/index.php?rest_route=%2Fwp%2Fv2%2Fcomments&post=2372"}],"version-history":[{"count":7,"href":"https:\/\/mediaproductiv.de\/index.php?rest_route=\/wp\/v2\/pages\/2372\/revisions"}],"predecessor-version":[{"id":2415,"href":"https:\/\/mediaproductiv.de\/index.php?rest_route=\/wp\/v2\/pages\/2372\/revisions\/2415"}],"wp:attachment":[{"href":"https:\/\/mediaproductiv.de\/index.php?rest_route=%2Fwp%2Fv2%2Fmedia&parent=2372"}],"curies":[{"name":"wp","href":"https:\/\/api.w.org\/{rel}","templated":true}]}}