{"id":8,"date":"2016-09-05T09:28:34","date_gmt":"2016-09-05T09:28:34","guid":{"rendered":"http:\/\/mediaproductiv.de\/?page_id=8"},"modified":"2025-03-21T10:33:02","modified_gmt":"2025-03-21T10:33:02","slug":"audio-produktionen","status":"publish","type":"page","link":"https:\/\/mediaproductiv.de\/?page_id=8","title":{"rendered":"Audio Produktionen"},"content":{"rendered":"<p>Seit vielen Jahren sind wir auf diesem Gebiet ein zuverl\u00e4ssiger und kreativer Dienstleister wenn es um die Erstellung von<\/p>\n<ul>\n<li>Radio-Werbespots<\/li>\n<li>Podcasts<\/li>\n<li><a href=\"http:\/\/mediaproductiv.de\/?page_id=1371\">Instore Radio Programme<\/a><\/li>\n<li>Musiklogos &#8211; eigene Musik<\/li>\n<li>Vertonungen aller Art z.B. Videos, Spiele<\/li>\n<li>Produktion von H\u00f6rspielen<\/li>\n<li>Automatische Telefonansagen<\/li>\n<li>Musikredaktion&nbsp;<\/li>\n<li>Djaying&nbsp;<\/li>\n<li>uvm. geht.<\/li>\n<\/ul>\n<p>Wir verf\u00fcgen \u00fcber die technische Infrastruktur, die es m\u00f6glich macht, die besten und interessantesten Sprecher\/Innen f\u00fcr Ihr Projekt zu buchen. Rufen Sie uns an oder schreiben Sie eine Email. Selbstverst\u00e4ndlich stehen wir Ihnen bei Fragen rund um das Thema zur Verf\u00fcgung.<\/p>\n\n\n<figure class=\"wp-block-image size-large\"><img loading=\"lazy\" decoding=\"async\" width=\"1024\" height=\"680\" src=\"http:\/\/mediaproductiv.de\/wp-content\/uploads\/2016\/09\/DSCF1022-1024x680.jpg\" alt=\"\" class=\"wp-image-41\"\/><\/figure>\n\n\n\n<figure class=\"wp-block-image size-large\"><img loading=\"lazy\" decoding=\"async\" width=\"1024\" height=\"651\" src=\"http:\/\/mediaproductiv.de\/wp-content\/uploads\/2021\/12\/A-platz-2-c-1024x651.png\" alt=\"\" class=\"wp-image-1219\" srcset=\"https:\/\/mediaproductiv.de\/wp-content\/uploads\/2021\/12\/A-platz-2-c-1024x651.png 1024w, https:\/\/mediaproductiv.de\/wp-content\/uploads\/2021\/12\/A-platz-2-c-600x381.png 600w, https:\/\/mediaproductiv.de\/wp-content\/uploads\/2021\/12\/A-platz-2-c-300x191.png 300w, https:\/\/mediaproductiv.de\/wp-content\/uploads\/2021\/12\/A-platz-2-c-768x488.png 768w, https:\/\/mediaproductiv.de\/wp-content\/uploads\/2021\/12\/A-platz-2-c.png 1136w\" sizes=\"auto, (max-width: 1024px) 100vw, 1024px\" \/><\/figure>\n","protected":false},"excerpt":{"rendered":"<p>Seit vielen Jahren sind wir auf diesem Gebiet ein zuverl\u00e4ssiger und kreativer Dienstleister wenn es um die Erstellung von Radio-Werbespots Podcasts Instore Radio Programme Musiklogos &#8211; eigene Musik Vertonungen aller Art z.B. Videos, Spiele Produktion von H\u00f6rspielen Automatische Telefonansagen Musikredaktion&nbsp;&hellip; <\/p>\n","protected":false},"author":1,"featured_media":1099,"parent":0,"menu_order":0,"comment_status":"closed","ping_status":"closed","template":"","meta":{"ngg_post_thumbnail":0,"jetpack_post_was_ever_published":false,"footnotes":""},"class_list":["post-8","page","type-page","status-publish","has-post-thumbnail","hentry"],"jetpack_sharing_enabled":true,"jetpack_shortlink":"https:\/\/wp.me\/P7o17P-8","_links":{"self":[{"href":"https:\/\/mediaproductiv.de\/index.php?rest_route=\/wp\/v2\/pages\/8","targetHints":{"allow":["GET"]}}],"collection":[{"href":"https:\/\/mediaproductiv.de\/index.php?rest_route=\/wp\/v2\/pages"}],"about":[{"href":"https:\/\/mediaproductiv.de\/index.php?rest_route=\/wp\/v2\/types\/page"}],"author":[{"embeddable":true,"href":"https:\/\/mediaproductiv.de\/index.php?rest_route=\/wp\/v2\/users\/1"}],"replies":[{"embeddable":true,"href":"https:\/\/mediaproductiv.de\/index.php?rest_route=%2Fwp%2Fv2%2Fcomments&post=8"}],"version-history":[{"count":21,"href":"https:\/\/mediaproductiv.de\/index.php?rest_route=\/wp\/v2\/pages\/8\/revisions"}],"predecessor-version":[{"id":2468,"href":"https:\/\/mediaproductiv.de\/index.php?rest_route=\/wp\/v2\/pages\/8\/revisions\/2468"}],"wp:featuredmedia":[{"embeddable":true,"href":"https:\/\/mediaproductiv.de\/index.php?rest_route=\/wp\/v2\/media\/1099"}],"wp:attachment":[{"href":"https:\/\/mediaproductiv.de\/index.php?rest_route=%2Fwp%2Fv2%2Fmedia&parent=8"}],"curies":[{"name":"wp","href":"https:\/\/api.w.org\/{rel}","templated":true}]}}